{"id":58,"date":"2014-08-13T19:29:42","date_gmt":"2014-08-13T16:29:42","guid":{"rendered":"https:\/\/adalethazar.com\/?page_id=58"},"modified":"2014-11-01T00:39:28","modified_gmt":"2014-10-31T22:39:28","slug":"iletisim","status":"publish","type":"page","link":"https:\/\/adalethazar.com\/index.php\/iletisim\/","title":{"rendered":"\u0130leti\u015fim"},"content":{"rendered":"<p>&nbsp;<\/p>\n<table>\n<tbody>\n<tr>\n<td><img loading=\"lazy\" class=\"size-full wp-image-65 aligncenter\" src=\"https:\/\/adalethazar.com\/wp-content\/uploads\/2014\/08\/adres.png\" alt=\"adres\" width=\"16\" height=\"16\" \/><\/td>\n<td>Nenehatun cad.42\/4\u00a0Gaziosmanpa\u015fa &#8211; Ankara<\/td>\n<\/tr>\n<tr>\n<td><\/td>\n<td><\/td>\n<\/tr>\n<tr>\n<td><img loading=\"lazy\" class=\"size-full wp-image-66 aligncenter\" src=\"https:\/\/adalethazar.com\/wp-content\/uploads\/2014\/08\/tel.png\" alt=\"tel\" width=\"16\" height=\"16\" \/><\/td>\n<td>(0312) 446 58 01<\/td>\n<\/tr>\n<tr>\n<td><\/td>\n<td><\/td>\n<\/tr>\n<tr>\n<td>\u00a0<a href=\"https:\/\/adalethazar.com\/wp-content\/uploads\/2014\/08\/globe8.gif\"><img loading=\"lazy\" class=\"alignleft size-full wp-image-325\" src=\"https:\/\/adalethazar.com\/wp-content\/uploads\/2014\/08\/globe8.gif\" alt=\"globe8\" width=\"40\" height=\"40\" \/><\/a><\/td>\n<td>www.akademiegitim.com.tr<\/td>\n<\/tr>\n<\/tbody>\n<\/table>\n<p>&nbsp;<\/p>\n<p>A\u015fa\u011f\u0131daki alanlar\u0131 doldurarak <strong>G\u00f6nder<\/strong>\u00a0tu\u015funa bas\u0131n<\/p>\n<div class=\"frm_forms  with_frm_style frm_style_formidable-style\" id=\"frm_form_2_container\" >\n<form enctype=\"multipart\/form-data\" method=\"post\" class=\"frm-show-form \" id=\"form_contact2\" >\n<div class=\"frm_form_fields \">\n<fieldset>\n\r\n<div class=\"frm_fields_container\">\n<input type=\"hidden\" name=\"frm_action\" value=\"create\" \/>\n<input type=\"hidden\" name=\"form_id\" value=\"2\" \/>\n<input type=\"hidden\" name=\"frm_hide_fields_2\" id=\"frm_hide_fields_2\" value=\"\" \/>\n<input type=\"hidden\" name=\"form_key\" value=\"contact2\" \/>\n<input type=\"hidden\" name=\"item_meta[0]\" value=\"\" \/>\n<input type=\"hidden\" id=\"frm_submit_entry_2\" name=\"frm_submit_entry_2\" value=\"f98f42bf3c\" \/><input type=\"hidden\" name=\"_wp_http_referer\" value=\"\/index.php\/wp-json\/wp\/v2\/pages\/58\" \/><div id=\"frm_field_8_container\" class=\"frm_form_field form-field  frm_required_field frm_top_container frm_first_half\">\r\n    <label for=\"field_qh4icy2\" class=\"frm_primary_label\">Ad\r\n        <span class=\"frm_required\">*<\/span>\r\n    <\/label>\r\n    <input type=\"text\" id=\"field_qh4icy2\" name=\"item_meta[8]\" value=\"\"  data-reqmsg=\"Bu alan bo\u015f olamaz.\" aria-required=\"true\" data-invmsg=\"Ad is invalid\" aria-invalid=\"false\"   aria-describedby=\"frm_desc_field_qh4icy2\"\/>\r\n    <div id=\"frm_desc_field_qh4icy2\" class=\"frm_description\">Ad<\/div>\r\n    \r\n<\/div>\n<div id=\"frm_field_9_container\" class=\"frm_form_field form-field  frm_required_field frm_hidden_container frm_last_half\">\r\n    <label for=\"field_ocfup12\" class=\"frm_primary_label\">Soyad\r\n        <span class=\"frm_required\">*<\/span>\r\n    <\/label>\r\n    <input type=\"text\" id=\"field_ocfup12\" name=\"item_meta[9]\" value=\"\"  data-reqmsg=\"Bu alan bo\u015f olamaz.\" aria-required=\"true\" data-invmsg=\"Soyad is invalid\" aria-invalid=\"false\"   aria-describedby=\"frm_desc_field_ocfup12\"\/>\r\n    <div id=\"frm_desc_field_ocfup12\" class=\"frm_description\">Soyad<\/div>\r\n    \r\n<\/div>\n<div id=\"frm_field_10_container\" class=\"frm_form_field form-field  frm_required_field frm_top_container frm_full\">\r\n    <label for=\"field_29yf4d2\" class=\"frm_primary_label\">Email\r\n        <span class=\"frm_required\">*<\/span>\r\n    <\/label>\r\n    <input type=\"text\" id=\"field_29yf4d2\" name=\"item_meta[10]\" value=\"\"  data-reqmsg=\"Bu alan bo\u015f olamaz.\" aria-required=\"true\" data-invmsg=\"Email is invalid\" aria-invalid=\"false\"  \/>\r\n    \r\n    \r\n<\/div>\n<div id=\"frm_field_12_container\" class=\"frm_form_field form-field  frm_required_field frm_top_container frm_full\">\r\n    <label for=\"field_e6lis62\" class=\"frm_primary_label\">Konu\r\n        <span class=\"frm_required\">*<\/span>\r\n    <\/label>\r\n    <input type=\"text\" id=\"field_e6lis62\" name=\"item_meta[12]\" value=\"\"  data-reqmsg=\"Bu alan bo\u015f olamaz.\" aria-required=\"true\" data-invmsg=\"Konu is invalid\" aria-invalid=\"false\"  \/>\r\n    \r\n    \r\n<\/div>\n<div id=\"frm_field_13_container\" class=\"frm_form_field form-field  frm_required_field frm_top_container frm_full\">\r\n    <label for=\"field_9jv0r12\" class=\"frm_primary_label\">Mesaj\r\n        <span class=\"frm_required\">*<\/span>\r\n    <\/label>\r\n    <textarea name=\"item_meta[13]\" id=\"field_9jv0r12\" rows=\"5\"  data-reqmsg=\"Bu alan bo\u015f olamaz.\" aria-required=\"true\" data-invmsg=\"Mesaj is invalid\" aria-invalid=\"false\"  ><\/textarea>\r\n    \r\n    \r\n<\/div>\n<div id=\"frm_field_14_container\" class=\"frm_form_field form-field  frm_top_container\">\n    <label for=\"g-recaptcha-response\" class=\"frm_primary_label\">Spam Korumas\u0131\n        <span class=\"frm_required\"><\/span>\n    <\/label>\n    <div  id=\"field_erj1rx\" class=\"frm-g-recaptcha\" data-sitekey=\"6LfEkNASAAAAAKysi92oS3qYjdilelBF3yoibnW5\" data-size=\"normal\" data-theme=\"light\"><\/div>\n    \n    \n<\/div>\n\t<input type=\"hidden\" name=\"item_key\" value=\"\" \/>\n\t\t\t<div id=\"frm_field_20_container\">\n\t\t\t<label for=\"field_s16ub\" >\n\t\t\t\tIf you are human, leave this field blank.\t\t\t<\/label>\n\t\t\t<input  id=\"field_s16ub\" type=\"text\" class=\"frm_form_field form-field frm_verify\" name=\"item_meta[20]\" value=\"\"  \/>\n\t\t<\/div>\n\t\t<input name=\"frm_state\" type=\"hidden\" value=\"Kqat9STSgQaX0DjS6f6ovhrQoYGCRR7LNsXGWcQ8aIY=\" \/><div class=\"frm_submit\">\r\n\r\n<input type=\"submit\" value=\"G\u00f6nder\"  \/>\r\n<img class=\"frm_ajax_loading\" src=\"https:\/\/adalethazar.com\/wp-content\/plugins\/formidable\/images\/ajax_loader.gif\" alt=\"Sending\" style=\"visibility:hidden;\" \/>\r\n\r\n<\/div><\/div>\n<\/fieldset>\n<\/div>\n\n<\/form>\n<\/div>\n\n<p>&nbsp;<\/p>\n<p>&nbsp;<\/p>\n<p>&nbsp;<\/p>\n<p>&nbsp;<\/p>\n<p>&nbsp;<\/p>\n<p>&nbsp;<\/p>\n<p>&nbsp;<\/p>\n","protected":false},"excerpt":{"rendered":"<p>&nbsp; Nenehatun cad.42\/4\u00a0Gaziosmanpa\u015fa &#8211; Ankara (0312) 446 58 01 \u00a0 www.akademiegitim.com.tr &nbsp; A\u015fa\u011f\u0131daki alanlar\u0131 doldurarak G\u00f6nder\u00a0tu\u015funa bas\u0131n &nbsp; &nbsp; &nbsp; &nbsp; &nbsp; &nbsp; &nbsp;<\/p>\n","protected":false},"author":1,"featured_media":0,"parent":0,"menu_order":6,"comment_status":"closed","ping_status":"closed","template":"","meta":[],"_links":{"self":[{"href":"https:\/\/adalethazar.com\/index.php\/wp-json\/wp\/v2\/pages\/58"}],"collection":[{"href":"https:\/\/adalethazar.com\/index.php\/wp-json\/wp\/v2\/pages"}],"about":[{"href":"https:\/\/adalethazar.com\/index.php\/wp-json\/wp\/v2\/types\/page"}],"author":[{"embeddable":true,"href":"https:\/\/adalethazar.com\/index.php\/wp-json\/wp\/v2\/users\/1"}],"replies":[{"embeddable":true,"href":"https:\/\/adalethazar.com\/index.php\/wp-json\/wp\/v2\/comments?post=58"}],"version-history":[{"count":17,"href":"https:\/\/adalethazar.com\/index.php\/wp-json\/wp\/v2\/pages\/58\/revisions"}],"predecessor-version":[{"id":350,"href":"https:\/\/adalethazar.com\/index.php\/wp-json\/wp\/v2\/pages\/58\/revisions\/350"}],"wp:attachment":[{"href":"https:\/\/adalethazar.com\/index.php\/wp-json\/wp\/v2\/media?parent=58"}],"curies":[{"name":"wp","href":"https:\/\/api.w.org\/{rel}","templated":true}]}}