{"id":2,"date":"2014-08-12T22:37:43","date_gmt":"2014-08-12T19:37:43","guid":{"rendered":"https:\/\/adalethazar.com\/?page_id=2"},"modified":"2014-10-26T12:07:02","modified_gmt":"2014-10-26T10:07:02","slug":"ornek-sayfa","status":"publish","type":"page","link":"https:\/\/adalethazar.com\/index.php\/ornek-sayfa\/","title":{"rendered":"\u00d6zge\u00e7mi\u015f"},"content":{"rendered":"<p>Ad\u0131 Soyad\u0131: Adalet HAZAR<\/p>\n<p>Do\u011fum Tarihi: 29 05 1960<\/p>\n<p>\u00d6\u011frenim Durumu:<\/p>\n<table width=\"623\">\n<tbody>\n<tr>\n<td width=\"144\">Derece<\/td>\n<td width=\"183\">B\u00f6l\u00fcm\/Program<\/td>\n<td width=\"246\">\u00dcniversite<\/td>\n<td width=\"50\">Y\u0131l<\/td>\n<\/tr>\n<tr>\n<td width=\"144\">Lisans<\/td>\n<td width=\"183\">\u00a0Bankac\u0131l\u0131k<\/td>\n<td width=\"246\">Ankara \u0130ktisadi ve Ticari \u0130limler Akad.<\/td>\n<td width=\"50\">1981<\/td>\n<\/tr>\n<tr>\n<td width=\"144\">Y. Lisans<\/td>\n<td width=\"183\">\u00a0\u0130\u015fletme<\/td>\n<td width=\"246\">Gazi \u00dcniversitesi<\/td>\n<td width=\"50\">1996<\/td>\n<\/tr>\n<tr>\n<td width=\"144\">Doktora<\/td>\n<td width=\"183\">\u00a0Muhasebe Finansman<\/td>\n<td width=\"246\">Gazi \u00dcniversitesi<\/td>\n<td width=\"50\">2009<\/td>\n<\/tr>\n<\/tbody>\n<\/table>\n<p>Y\u00fcksek Lisans Tez Ba\u015fl\u0131\u011f\u0131 (\u00f6zeti ekte) ve Tez Dan\u0131\u015fman(lar)\u0131\u00a0 : Bankalarda Kaynak Maliyet Hesaplama Y\u00f6ntemleri<\/p>\n<p>Tez Dan\u0131\u015fman\u0131: Prof. Dr. Orhan Sevileng\u00fcl<\/p>\n<p>Doktora Tezi\/S.Yeterlik \u00c7al\u0131\u015fmas\u0131\/T\u0131pta Uzmanl\u0131k Tezi Ba\u015fl\u0131\u011f\u0131 (\u00f6zeti ekte)\u00a0 ve\u00a0 Dan\u0131\u015fman(lar)\u0131 : Banka Kredi Riski Derecelendirmesi-Model \u00d6nerisi ve Uygulama<\/p>\n<p>Tez Dan\u0131\u015fman\u0131: Prof. Dr. Metin Kamil Ercan<\/p>\n<p>G\u00f6revler:<\/p>\n<table width=\"628\">\n<tbody>\n<tr>\n<td width=\"98\">G\u00f6rev Unvan\u0131<\/td>\n<td width=\"430\"><strong>G\u00f6rev Yeri<\/strong><\/td>\n<td width=\"100\">Y\u0131l<\/td>\n<\/tr>\n<tr>\n<td width=\"98\">Uzman Yrd.<\/td>\n<td width=\"430\">T.C. Ziraat Bankas\u0131 Planlama B\u00fct\u00e7e ve Kontrol M\u00fcd\u00fcrl\u00fc\u011f\u00fc<\/td>\n<td width=\"100\">1991-1994<\/td>\n<\/tr>\n<tr>\n<td width=\"98\">Uzman<\/td>\n<td width=\"430\">T.C. Ziraat Bankas\u0131 Planlama B\u00fct\u00e7e ve Kontrol M\u00fcd\u00fcrl\u00fc\u011f\u00fc<\/td>\n<td width=\"100\">1994-1995<\/td>\n<\/tr>\n<tr>\n<td width=\"98\">M\u00fcd\u00fcr Yrd.<\/td>\n<td width=\"430\">T.C. Ziraat Bankas\u0131 Ara\u015ft\u0131rma ve Geli\u015ftirme Daire Ba\u015fkanl\u0131\u011f\u0131<\/td>\n<td width=\"100\">1995-2001<\/td>\n<\/tr>\n<tr>\n<td width=\"98\">D. B\u015fk.<\/td>\n<td width=\"430\">T.C. Ziraat Bankas\u0131 Organizasyon Daire Ba\u015fkanl\u0131\u011f\u0131<\/td>\n<td width=\"100\">2001<\/td>\n<\/tr>\n<tr>\n<td width=\"98\">Genel M\u00fcd\u00fcr Yrd.<\/td>\n<td width=\"430\">T.C. Ziraat Bankas\u0131<\/td>\n<td width=\"100\">2001-2005<\/td>\n<\/tr>\n<tr>\n<td width=\"98\">Dr.\u00d6\u011f.G\u00f6r.Yar\u0131 Zamanl\u0131<\/td>\n<td width=\"430\">\u00a0Ba\u015fkent \u00dcniversitesi Ticari Bilimler Fak\u00fcltesi<\/td>\n<td width=\"100\">2004-<\/td>\n<\/tr>\n<tr>\n<td width=\"98\">Dr.\u00d6\u011f.G\u00f6r.Yar\u0131 Zamanl\u0131<\/td>\n<td width=\"430\">Bilkent \u00dcniversitesi UBYO Bankac\u0131l\u0131k B\u00f6l\u00fcm\u00fc<\/td>\n<td width=\"100\">2008-<\/td>\n<\/tr>\n<tr>\n<td width=\"98\">Dr.\u00d6\u011f.G\u00f6r.Yar\u0131 Zamanl\u0131<\/td>\n<td width=\"430\">\u00a0Ba\u015fkent \u00dcniversitesi Sosyal Bilimler Enstit\u00fcs\u00fc<\/td>\n<td width=\"100\">2009-<\/td>\n<\/tr>\n<\/tbody>\n<\/table>\n<p>&nbsp;<\/p>\n<p><strong>Y\u00f6netilen Y\u00fcksek Lisans Tezleri\u00a0 :<\/strong><\/p>\n<p>\u201cT\u00fcrk Bankac\u0131l\u0131k Sekt\u00f6r\u00fc\u2019n\u00fcn\u00a0K\u00e2r Kaynaklar\u0131n\u0131n\u00a02001 \u00d6ncesi ve Sonras\u0131 Kar\u015f\u0131la\u015ft\u0131r\u0131lmas\u0131\u201d, Ba\u015fkent \u00dcniversitesi Sosyal Bilimler Enstit\u00fcs\u00fc Bankac\u0131l\u0131k Finans Y\u00fcksek Lisans Program\u0131<\/p>\n<p>\u0130dari G\u00f6revler :<\/p>\n<p>TCR Kurumsal Y\u00f6netim ve Kredi Derecelendirme Firmas\u0131\u2019nda Derecelendirme Uzman\u0131 (2009 Y\u0131l\u0131- BDDK Akreditasyonu s\u00fcresinin y\u00f6netilmesi)<\/p>\n<p>Son iki y\u0131lda verdi\u011fi lisans ve lisans\u00fcst\u00fc d\u00fczeydeki dersler (A\u00e7\u0131lm\u0131\u015fsa,yazd\u00f6neminde verilen dersler de tabloya ilave edilecektir):<\/p>\n<table width=\"628\">\n<tbody>\n<tr>\n<td rowspan=\"2\" width=\"88\">Akad. Y\u0131l<\/td>\n<td rowspan=\"2\" width=\"63\">D\u00f6nem<\/td>\n<td rowspan=\"2\" width=\"300\">Dersin Ad\u0131<\/td>\n<td colspan=\"2\" width=\"113\">Haftal\u0131k Saati<\/td>\n<td rowspan=\"2\" width=\"63\">\u00d6\u011frenci Say\u0131s\u0131<\/td>\n<\/tr>\n<tr>\n<td width=\"57\">Teorik<\/td>\n<td width=\"57\">Uygu-lama<\/td>\n<\/tr>\n<tr>\n<td rowspan=\"2\" width=\"88\">Y. Lisans2012-2013<\/td>\n<td width=\"63\">G\u00fcz<\/td>\n<td width=\"300\">Bankalarda Aktif Pasif Y\u00f6netimi (Ba\u015fkent \u00dcni.)<\/td>\n<td width=\"57\">3<\/td>\n<td width=\"57\"><\/td>\n<td width=\"63\">11<\/td>\n<\/tr>\n<tr>\n<td width=\"63\">\u0130lkbahar<\/td>\n<td width=\"300\">5411 Bankac\u0131l\u0131k Kanunu(Ba\u015fkent \u00dcniversitesi)<\/td>\n<td width=\"57\">3<\/td>\n<td width=\"57\"><\/td>\n<td width=\"63\">12<\/td>\n<\/tr>\n<tr>\n<td rowspan=\"2\" width=\"88\">Y. Lisans2011-2012<\/td>\n<td width=\"63\">G\u00fcz<\/td>\n<td width=\"300\">5411 Bankac\u0131l\u0131k Kanunu(Ba\u015fkent \u00dcniversitesi)<\/td>\n<td width=\"57\">3<\/td>\n<td width=\"57\"><\/td>\n<td width=\"63\">17<\/td>\n<\/tr>\n<tr>\n<td width=\"63\">\u0130lkbahar<\/td>\n<td width=\"300\">5411 Bankac\u0131l\u0131k Kanunu(Ba\u015fkent \u00dcniversitesi)<\/td>\n<td width=\"57\">3<\/td>\n<td width=\"57\"><\/td>\n<td width=\"63\">6<\/td>\n<\/tr>\n<tr>\n<td rowspan=\"4\" width=\"88\">2012-2013<\/td>\n<td rowspan=\"2\" width=\"63\">G\u00fcz<\/td>\n<td width=\"300\">Banka Risk Y\u00f6netimi (Ba\u015fkent \u00dcniversitesi)<\/td>\n<td width=\"57\">3<\/td>\n<td width=\"57\"><\/td>\n<td width=\"63\">16<\/td>\n<\/tr>\n<tr>\n<td width=\"300\">Uygulamal\u0131 Sermaye Piyasalar\u0131 (Bilkent \u00dcni.)<\/td>\n<td width=\"57\">3<\/td>\n<td width=\"57\"><\/td>\n<td width=\"63\">9<\/td>\n<\/tr>\n<tr>\n<td rowspan=\"2\" width=\"63\">\u0130lkbahar<\/td>\n<td width=\"300\">Bankalarda Aktif Pasif (Ba\u015fkent \u00dcni.)Y\u00f6netimi<\/td>\n<td width=\"57\">3<\/td>\n<td width=\"57\"><\/td>\n<td width=\"63\">15<\/td>\n<\/tr>\n<tr>\n<td width=\"300\">Uygulamal\u0131 Sermaye Piyasalar\u0131 (Bilkent \u00dcni.)<\/td>\n<td width=\"57\">3<\/td>\n<td width=\"57\"><\/td>\n<td width=\"63\">8<\/td>\n<\/tr>\n<tr>\n<td rowspan=\"4\" width=\"88\">2011-2012<\/td>\n<td rowspan=\"2\" width=\"63\">G\u00fcz<\/td>\n<td width=\"300\">Banka Risk Y\u00f6netimi (Ba\u015fkent \u00dcniversitesi)<\/td>\n<td width=\"57\">3<\/td>\n<td width=\"57\"><\/td>\n<td width=\"63\">22<\/td>\n<\/tr>\n<tr>\n<td width=\"300\">Uygulamal\u0131 Sermaye Piyasalar\u0131 (Bilkent \u00dcni.)<\/td>\n<td width=\"57\">3<\/td>\n<td width=\"57\"><\/td>\n<td width=\"63\">11<\/td>\n<\/tr>\n<tr>\n<td rowspan=\"2\" width=\"63\">\u0130lkbahar<\/td>\n<td width=\"300\">Bankalarda Aktif Pasif (Ba\u015fkent \u00dcni.)Y\u00f6netimi<\/td>\n<td width=\"57\">3<\/td>\n<td width=\"57\"><\/td>\n<td width=\"63\">19<\/td>\n<\/tr>\n<tr>\n<td width=\"300\">Uygulamal\u0131 Sermaye Piyasalar\u0131 (Bilkent \u00dcni.)<\/td>\n<td width=\"57\">3<\/td>\n<td width=\"57\"><\/td>\n<td width=\"63\">17<\/td>\n<\/tr>\n<\/tbody>\n<\/table>\n<p>&nbsp;<\/p>\n<p>&nbsp;<\/p>\n<p>&nbsp;<\/p>\n<p>&nbsp;<\/p>\n<p>&nbsp;<\/p>\n<p><strong>ESERLER<\/strong><\/p>\n<p><strong>A.\u00a0Uluslararas\u0131 hakemli dergilerde yay\u0131mlanan makaleler :<\/strong><\/p>\n<p>A1.Babu\u015fcu. \u015e., Hazar. A., (2013) \u201cThe Impact of Foreign Capital on Efficiency and Productivity of the Turkish Banking Sector\u201d American International Journal of Contemporary Research, Vol. 3 No. 1; January 2013, pp158-182, ISSN 2162-139X (Print), ISSN 2162-142X (Online).<\/p>\n<p>A2. Babu\u015fcu. \u015e., Hazar. A. (2012) \u201cAn Analysis Of The Disparities, Divergences And Differences In Financial Structures Of Primary Dealer (PD) Banks And Non-Primary Dealer (NPD) Bank\u201d, International Business Research, Vol. 5, No. 11, November 2012, pp121-135.<\/p>\n<p>A3. Babu\u015fcu \u015e., Hazar A., \u201cVarl\u0131k Y\u00f6netim \u015eirketlerine Sat\u0131lacak Takipteki Krediler \u0130\u00e7in De\u011ferleme &#8211; Varsay\u0131msal Bir Yakla\u015f\u0131m-\u201c Muhasebe Bilim D\u00fcnyas\u0131 Dergisi, Y\u0131l: 2013, Say\u0131:1 , ss:153-175, ISSN: 1302.258X.<\/p>\n<p>A4. Babu\u015fcu \u015e., Hazar A., \u201cBankalar\u0131n Mali B\u00fcnyeleri \u0130le Yasal D\u00fczenlemelerin \u0130li\u015fkisi \u2013 5411 Say\u0131l\u0131 Bankac\u0131l\u0131k Kanunu \u00c7er\u00e7evesinde Bir Analiz\u201d Muhasebe ve Denetime Bak\u0131\u015f Dergisi, Y\u0131l:13, Say\u0131: 39, Mart 2013, ss:79-102, ISSN: 1307-6639.<\/p>\n<p>A5. Hazar A., Babu\u015fcu \u015e., \u201cT\u00fcrk Bankac\u0131l\u0131k Sekt\u00f6r\u00fc Kredi-Mevduat Geli\u015fmelerinin B\u00f6lgesel Analizi (2005-2011)\u201d, \u00c7ank\u0131r\u0131 Karatekin \u00dcniversitesi \u0130\u0130BD Dergisi, Y\u0131l 2013, \u00a0Bahar 2013 Say\u0131s\u0131 (Hakem de\u011ferlendirmesinden bask\u0131 onay\u0131 alm\u0131\u015ft\u0131r. Yay\u0131n a\u015famas\u0131ndad\u0131r.)<\/p>\n<p>A6. Hazar A., \u201cAssessing Arbitrage Opportunities Between the ISE-30 Index and TurkDEX-traded ISE-30 Index Futures Contracts ByApplying Cost-of-Carry Method, International Journal of Management Perspectives\u201d, ISSN 1307-1629, 2013, Vol. 3, No 1\/2, (Hakem de\u011ferlendirmesinden bask\u0131 onay\u0131 alm\u0131\u015ft\u0131r. Yay\u0131n a\u015famas\u0131ndad\u0131r.)<\/p>\n<p><strong>B.\u00a0Uluslararas\u0131 bilimsel toplant\u0131larda sunulan ve bildiri kitab\u0131nda (<em>Proceedings<\/em>) bas\u0131lan bildiriler :<\/strong><\/p>\n<p>B1. Ba\u015fc\u0131 S., Hazar A., Babu\u015fcu \u015e., K\u00f6ksal M.O., (2013) A CAMELS Analysis on the Turkish Banking Sector: Rating of the 2004-2011 Period In Terms of Capital Ownership and Scale, 9th EBES Conference \u2013 Rome, Faculty of Economics Sapienza University of Rome, Italy, January, 11-13, 2013, pp338-352.<\/p>\n<p><strong>D.\u00a0Ulusal hakemli dergilerde yay\u0131mlanan makaleler :<\/strong><\/p>\n<p>D1. Sommer G., Babu\u015fcu \u015e., Hazar A., \u00d6zt\u00fcrk \u0130., \u201cGayrimenkul De\u011ferlemede Bir Yakla\u015f\u0131m: N\u00f6tr Enflasyon Etkisi\u201d, SPK Dergisi, Y\u0131l:2012, Say\u0131: 13, Aral\u0131k 2012,\u00a0 ss: 18-31, ISSN: 1308-5158.<\/p>\n<p><strong>E.\u00a0Ulusal bilimsel toplant\u0131larda sunulan ve bildiri kitaplar\u0131nda bas\u0131lan bildiriler:<\/strong><\/p>\n<p>E1. Babu\u015fcu. \u015e., Hazar. A.,\u00a0 \u201cT\u00fcrk Bankac\u0131l\u0131k Sekt\u00f6r\u00fcnde Yabanc\u0131 Sermayenin Verimlilik ve Etkinli\u011fe Etkileri\u201d, 16. Ulusal Finans Sempozyumu, Erzurum \u00dcniversitesi, 10-13 Ekim 2012.<\/p>\n<p><strong>F.\u00a0Di\u011fer yay\u0131nlar :<\/strong><\/p>\n<p><strong>Kitaplar<\/strong><\/p>\n<p>F1.\u00a0Hazar, A., Babu\u015fcu \u015e., \u201cBanka Aktif Pasif Y\u00f6netimi\u201d, Mart 2013, Asil Yay\u0131nevi, Ankara.<\/p>\n<p>F2.\u00a0Hazar, A., Gayrimenkul De\u011ferleme, Se\u00e7kin Yay\u0131nevi, Ocak 2013.<\/p>\n<p><strong>H. Dergi Hakemli\u011fi<\/strong><\/p>\n<p>H1. T\u0130SK Akademisi Dergisi taraf\u0131ndan yay\u0131nlanmas\u0131 d\u00fc\u015f\u00fcn\u00fclen \u201cSe\u00e7ilmi\u015f \u0130llerde E\u011fitim G\u00f6stergelerine Genel Bak\u0131\u015f\u201d Ba\u015fl\u0131kl\u0131 Makale De\u011ferlendirmesi, 14.07.2012.<\/p>\n<p><strong>I. Di\u011fer Faaliyetler<\/strong><\/p>\n<p><em>Konu\u015fmac\u0131 Olarak Kat\u0131l\u0131nan Toplant\u0131 ve Konferanslar:<\/em><\/p>\n<p>\u00c7ukurova\u00a0 \u00dcniversitesi \u2013 23 Aral\u0131k 2012 &#8211; \u0130\u0130BF Toplulu\u011fu \u2013 Bankac\u0131l\u0131\u011fa Giden Yol ve SPK Bilgilendirme Toplant\u0131s\u0131<\/p>\n<p>Gaziosmanpa\u015fa \u00dcniversitesi \u2013 15 Aral\u0131k 2012 &#8211; \u0130\u0130BF Toplulu\u011fu \u2013 Bankac\u0131l\u0131\u011fa Giden Yol ve SPK Bilgilendirme Toplant\u0131s\u0131<\/p>\n<p>U\u015fak \u00dcniversitesi \u2013 07 Aral\u0131k 2012 &#8211; \u0130\u0130BF Toplulu\u011fu \u2013 Bankac\u0131l\u0131\u011fa Giden Yol ve SPK Bilgilendirme Toplant\u0131s\u0131<\/p>\n<p>Hitit \u00dcniversitesi \u2013 14 Aral\u0131k 2012-\u00a0 \u0130\u0130BF Toplulu\u011fu \u2013 Bankac\u0131l\u0131\u011fa Giden Yol ve SPK Bilgilendirme Toplant\u0131s\u0131<\/p>\n<p>Trakya \u00dcniversitesi -16 Aral\u0131k 2011 &#8211;\u00a0 Bankac\u0131l\u0131\u011fa Giden Yol ve SPK Bilgilendirme Toplant\u0131s\u0131<\/p>\n<p>K\u0131r\u0131kkale \u00dcniversitesi \u2013 25 Nisan 2012- Bankac\u0131l\u0131\u011fa Giden Yol ve SPK Bilgilendirme Toplant\u0131s\u0131<\/p>\n<p>Gazi \u00dcniversitesi \u2013 20 Nisan 2009 &#8211; Bankac\u0131l\u0131\u011fa Giden Yol ve SPK Bilgilendirme Toplant\u0131s\u0131<\/p>\n<p>TRT Radyo 1- 20.01.2011- Merkez Bankas\u0131\u2019n\u0131n Son Kararlar\u0131 ve Finansal Piyasalara Etkisi<\/p>\n<p>TRT Radyo 1- 25.08.2010- T\u00fcrk Bankac\u0131l\u0131k Sekt\u00f6r\u00fcn\u00fcn Tarihi<\/p>\n<p>TRT-2009-2010: \u00a0Bankac\u0131l\u0131k Sekt\u00f6r\u00fcnde Son Geli\u015fmeler- Bankac\u0131l\u0131k Sekt\u00f6r\u00fcnde 2 Yeni Uygulama: IBAN ve Tek Kullan\u0131ml\u0131k \u015eifre Neyi Ama\u00e7l\u0131yor?<\/p>\n<p>06.09.2003 ODT\u00dc Ekonomi Kongresi, Finans, Bankac\u0131l\u0131k Sistemi ve Ekonomik B\u00fcy\u00fcme Oturumunda \u201cKurumsal Y\u00f6neti\u015fim\u201d konulu Tebli\u011f Sunumu<\/p>\n<p>12.05.2003 Kocaeli \u00dcniversitesi-End\u00fcstri M\u00fchendisli\u011fi Bl. \u201cBankac\u0131l\u0131k Sekt\u00f6r\u00fcndeki Geli\u015fmeler ve \u0130nsan Kaynaklar\u0131\u201d Konulu Tebli\u011f Sunumu, Kocaeli<\/p>\n<p>07.01.2003 Bankalar\u0131n \u0130K B\u00f6l\u00fcm\u00fc Y\u00f6neticilerinin Kat\u0131ld\u0131\u011f\u0131 \u201cKamu Bankalar\u0131nda Yeniden Yap\u0131lanma\u201d konulu toplant\u0131, \u0130stanbul<\/p>\n<p>19.08.2002 T.C. Z.B. Uzman Yard\u0131mc\u0131lar\u0131 Oryantasyon Program\u0131 kapsam\u0131nda \u201cT\u00fcrk Bankac\u0131l\u0131k Sekt\u00f6r\u00fcndeki Geli\u015fmeler ve Yeniden Yap\u0131lanma\u201d Konferans\u0131, Ankara<\/p>\n<p>2001-2002 T.C.Z.B. \u00c7al\u0131\u015fanlar\u0131na 1 G\u00fcnl\u00fck 6 ayr\u0131 Toplant\u0131da \u201cT\u00fcrk Bankac\u0131l\u0131k Sekt\u00f6r\u00fc ve Yeniden Yap\u0131lanma\u201d konulu Konferanslar (Erzurum, Ayd\u0131n, \u0130stanbul, Ankara, \u0130zmir, Trabzon)<\/p>\n<p>2001-2002 Yurtd\u0131\u015f\u0131 Birimlerde T\u00fcrk Bankac\u0131l\u0131k Sekt\u00f6r\u00fcndeki Geli\u015fmeler ve T.C. Ziraat Bankas\u0131 Yeniden Yap\u0131lanma S\u00fcreci Bilgilendirme Toplant\u0131lar\u0131 ve \u0130K Entegrasyonu \u00c7al\u0131\u015fmalar\u0131 (Ziraat Int. A.G., Ziraat Bank Bosnia D.D., Newyork, Londra, Sofya, \u00dcsk\u00fcp \u015eubeleri)<\/p>\n<p>1998-2001 T.C. Ziraat Bankas\u0131 Bankac\u0131l\u0131k Okulu \u00d6\u011frencilerine AR-GE Konulu Sunumlar<\/p>\n<p><strong>J- E\u011fitim Verilen Bankalar ve Kurumlar<\/strong><\/p>\n<p>&#8211;\u00a0\u00a0\u00a0\u00a0\u00a0\u00a0\u00a0\u00a0\u00a0\u00a0Ba\u015fbakanl\u0131k<\/p>\n<p>&#8211;\u00a0\u00a0\u00a0\u00a0\u00a0\u00a0\u00a0\u00a0\u00a0\u00a0TC Merkez Bankas\u0131<\/p>\n<p>&#8211;\u00a0\u00a0\u00a0\u00a0\u00a0\u00a0\u00a0\u00a0\u00a0\u00a0Hazine M\u00fcste\u015farl\u0131\u011f\u0131<\/p>\n<p>&#8211;\u00a0\u00a0\u00a0\u00a0\u00a0\u00a0\u00a0\u00a0\u00a0\u00a0T. Garanti Bankas\u0131<\/p>\n<p>&#8211;\u00a0\u00a0\u00a0\u00a0\u00a0\u00a0\u00a0\u00a0\u00a0\u00a0T. \u0130\u015f Bankas\u0131<\/p>\n<p>&#8211;\u00a0\u00a0\u00a0\u00a0\u00a0\u00a0\u00a0\u00a0\u00a0\u00a0Vak\u0131fbank<\/p>\n<p>&#8211;\u00a0\u00a0\u00a0\u00a0\u00a0\u00a0\u00a0\u00a0\u00a0\u00a0HSBC<\/p>\n<p>&#8211;\u00a0\u00a0\u00a0\u00a0\u00a0\u00a0\u00a0\u00a0\u00a0\u00a0T. Halk Bankas\u0131<\/p>\n<p>&#8211;\u00a0\u00a0\u00a0\u00a0\u00a0\u00a0\u00a0\u00a0\u00a0\u00a0T\u00fcrk Ekonomi Bankas\u0131<\/p>\n<p>&#8211;\u00a0\u00a0\u00a0\u00a0\u00a0\u00a0\u00a0\u00a0\u00a0\u00a0Bilkent Holding<\/p>\n<p>&#8211;\u00a0\u00a0\u00a0\u00a0\u00a0\u00a0\u00a0\u00a0\u00a0\u00a0Finansbank<\/p>\n<p>&#8211;\u00a0\u00a0\u00a0\u00a0\u00a0\u00a0\u00a0\u00a0\u00a0\u00a0Citibank<\/p>\n<p>&#8211;\u00a0\u00a0\u00a0\u00a0\u00a0\u00a0\u00a0\u00a0\u00a0\u00a0Anadolubank<\/p>\n<p>&#8211;\u00a0\u00a0\u00a0\u00a0\u00a0\u00a0\u00a0\u00a0\u00a0\u00a0Denizbank<\/p>\n<p>&#8211;\u00a0\u00a0\u00a0\u00a0\u00a0\u00a0\u00a0\u00a0\u00a0\u00a0T. Finans<\/p>\n<p>&#8211;\u00a0\u00a0\u00a0\u00a0\u00a0\u00a0\u00a0\u00a0\u00a0\u00a0T\u00fcrk Silahl\u0131 Kuvvetlerini G\u00fc\u00e7lendirme Vakf\u0131<\/p>\n<p>&#8211;\u00a0\u00a0\u00a0\u00a0\u00a0\u00a0\u00a0\u00a0\u00a0\u00a0Finansinvest<\/p>\n<p>&#8211;\u00a0\u00a0\u00a0\u00a0\u00a0\u00a0\u00a0\u00a0\u00a0\u00a0TOK\u0130<\/p>\n<p>&#8211;\u00a0\u00a0\u00a0\u00a0\u00a0\u00a0\u00a0\u00a0\u00a0\u00a0K\u0130PTA\u015e<\/p>\n<p><strong>K- Verilen E\u011fitimler<\/strong><\/p>\n<p>&#8211;\u00a0\u00a0\u00a0\u00a0\u00a0\u00a0\u00a0\u00a0\u00a0\u00a0G\u00fcncel Ekonomik Geli\u015fmeler<\/p>\n<p>&#8211;\u00a0\u00a0\u00a0\u00a0\u00a0\u00a0\u00a0\u00a0\u00a0\u00a05411-Bankac\u0131l\u0131k Kanunu \u2013 \u201cFinansal A\u00e7\u0131dan Yakla\u015f\u0131m\u201d<\/p>\n<p>&#8211;\u00a0\u00a0\u00a0\u00a0\u00a0\u00a0\u00a0\u00a0\u00a0\u00a0Temel Kredi Bilgileri<\/p>\n<p>&#8211;\u00a0\u00a0\u00a0\u00a0\u00a0\u00a0\u00a0\u00a0\u00a0\u00a0Bankac\u0131lar \u0130\u00e7in Finansal Matematik<\/p>\n<p>&#8211;\u00a0\u00a0\u00a0\u00a0\u00a0\u00a0\u00a0\u00a0\u00a0\u00a0Temel Bankac\u0131l\u0131k<\/p>\n<p>&#8211;\u00a0\u00a0\u00a0\u00a0\u00a0\u00a0\u00a0\u00a0\u00a0\u00a0Temel Bankac\u0131l\u0131k \u00dcr\u00fcnleri<\/p>\n<p>&#8211;\u00a0\u00a0\u00a0\u00a0\u00a0\u00a0\u00a0\u00a0\u00a0\u00a0Kredi Riski Y\u00f6netimi<\/p>\n<p>&#8211;\u00a0\u00a0\u00a0\u00a0\u00a0\u00a0\u00a0\u00a0\u00a0\u00a0Finansc\u0131 Olmayanlar \u0130\u00e7in Finans<\/p>\n<p>&#8211;\u00a0\u00a0\u00a0\u00a0\u00a0\u00a0\u00a0\u00a0\u00a0\u00a0Banka Muhasebesi<\/p>\n<p>&#8211;\u00a0\u00a0\u00a0\u00a0\u00a0\u00a0\u00a0\u00a0\u00a0\u00a0Banka Bilan\u00e7o Analizi<\/p>\n<p>&#8211;\u00a0\u00a0\u00a0\u00a0\u00a0\u00a0\u00a0\u00a0\u00a0\u00a0Merkez Bankas\u0131 Bilan\u00e7o Analizi<\/p>\n<p>&#8211;\u00a0\u00a0\u00a0\u00a0\u00a0\u00a0\u00a0\u00a0\u00a0\u00a0Para Politikas\u0131 ve Piyasalar<\/p>\n<p>&#8211;\u00a0\u00a0\u00a0\u00a0\u00a0\u00a0\u00a0\u00a0\u00a0\u00a0BASEL II ve Risk Y\u00f6netimi<\/p>\n<p>&#8211;\u00a0\u00a0\u00a0\u00a0\u00a0\u00a0\u00a0\u00a0\u00a0\u00a0Bankac\u0131l\u0131kta Aktif Pasif Y\u00f6netimi<\/p>\n<p>&#8211;\u00a0\u00a0\u00a0\u00a0\u00a0\u00a0\u00a0\u00a0\u00a0\u00a0Bankalarda Sorunlu Krediler ve Erken Uyar\u0131 Sistemleri<\/p>\n<p>&#8211;\u00a0\u00a0\u00a0\u00a0\u00a0\u00a0\u00a0\u00a0\u00a0\u00a0Bankac\u0131l\u0131kta Kaynak Maliyeti Hesaplama ve Fiyatland\u0131rma<\/p>\n<p><strong>&#8211;\u00a0\u00a0\u00a0\u00a0\u00a0\u00a0\u00a0\u00a0\u00a0\u00a0<\/strong>Bankalarda Aktif Getirisi-Pasif Maliyeti Hesaplama ve Fiyatland\u0131rma<\/p>\n<p>&#8211;\u00a0\u00a0\u00a0\u00a0\u00a0\u00a0\u00a0\u00a0\u00a0 T\u00fcrk Bankac\u0131l\u0131k Sekt\u00f6r\u00fcndeki Geli\u015fmeler ve Beklentiler<\/p>\n<p>&#8211;\u00a0\u00a0\u00a0\u00a0\u00a0\u00a0\u00a0\u00a0\u00a0\u00a0T\u00fcrk Bankac\u0131l\u0131k Sekt\u00f6r\u00fcnde Ya\u015fanan Krizler ve Etkileri<\/p>\n<p><strong>&#8211;\u00a0\u00a0\u00a0\u00a0\u00a0\u00a0\u00a0\u00a0\u00a0\u00a0<\/strong>K\u00fcresel Finansal Kriz, Son Geli\u015fmeler ve Bankalar\u0131n Mali B\u00fcnyelerine Etkileri<\/p>\n<p>&#8211;\u00a0\u00a0\u00a0\u00a0\u00a0\u00a0\u00a0\u00a0\u00a0 Kredi Derecelendirmesi<\/p>\n<p>&#8211;\u00a0\u00a0\u00a0\u00a0\u00a0\u00a0\u00a0\u00a0\u00a0\u00a0Finansal Tablolar Analizi<\/p>\n<p>&#8211;\u00a0\u00a0\u00a0\u00a0\u00a0\u00a0\u00a0\u00a0\u00a0\u00a0\u015eirket Bilan\u00e7olar\u0131nda Finansal Manip\u00fclasyon (Bilan\u00e7o Makyajlama)<\/p>\n<p>&#8211;\u00a0\u00a0\u00a0\u00a0\u00a0\u00a0\u00a0\u00a0\u00a0\u00a0T\u00fcrev \u0130\u015flemler ve Muhasebele\u015ftirilmesi<\/p>\n<p>&#8211;\u00a0\u00a0\u00a0\u00a0\u00a0\u00a0\u00a0\u00a0\u00a0\u00a0SPK Mevzuat\u0131<\/p>\n<p>&#8211;\u00a0\u00a0\u00a0\u00a0\u00a0\u00a0\u00a0\u00a0\u00a0\u00a0Analiz Y\u00f6ntemleri<\/p>\n<p>&#8211;\u00a0\u00a0\u00a0\u00a0\u00a0\u00a0\u00a0\u00a0\u00a0\u00a0Ulusal ve Uluslararas\u0131 Piyasalar<\/p>\n<p>&#8211;\u00a0\u00a0\u00a0\u00a0\u00a0\u00a0\u00a0\u00a0\u00a0\u00a0Firma De\u011ferlemesi<\/p>\n<p>&#8211;\u00a0\u00a0\u00a0\u00a0\u00a0\u00a0\u00a0\u00a0\u00a0\u00a0Gayrimenkul De\u011ferleme Esaslar\u0131<\/p>\n<p>&#8211;\u00a0\u00a0\u00a0\u00a0\u00a0\u00a0\u00a0\u00a0\u00a0\u00a0Muhasebe, Mali Analiz<\/p>\n<p>&#8211;\u00a0\u00a0\u00a0\u00a0\u00a0\u00a0\u00a0\u00a0\u00a0\u00a0Bankalarda \u00d6zellikli \u0130\u015flemler ve Muhasebele\u015ftirilmesi<\/p>\n<p>&#8211;\u00a0\u00a0\u00a0\u00a0\u00a0\u00a0\u00a0\u00a0\u00a0 Bankalarda T\u00fcrev Ara\u00e7lar ve Muhasebele\u015ftirilmesi<\/p>\n<p>&#8211;\u00a0\u00a0\u00a0\u00a0\u00a0\u00a0\u00a0\u00a0\u00a0\u00a0Y\u00f6netim Muhasebesi ve Bankalarda Uygulanmas\u0131<\/p>\n<p>&#8211;\u00a0\u00a0\u00a0\u00a0\u00a0\u00a0\u00a0\u00a0\u00a0\u00a0Uluslararas\u0131 Finansal Raporlama Standartlar\u0131 (UFRS) ve Banka Bilan\u00e7olar\u0131<\/p>\n<p>&#8211;\u00a0\u00a0\u00a0\u00a0\u00a0\u00a0\u00a0\u00a0\u00a0\u00a0Uluslararas\u0131 Finansal Raporlama Standartlar\u0131 (UFRS) ve \u015eirket Bilan\u00e7olar\u0131<\/p>\n<p>&#8211;\u00a0\u00a0\u00a0\u00a0\u00a0\u00a0\u00a0\u00a0\u00a0\u00a0\u015eirket Y\u00f6netiminde Finansal Vizyon ve Makro Finansal Hedeflerin Belirlenmesi<\/p>\n<p>konular\u0131nda e\u011fitimler.<\/p>\n<h4>Son 15 arama:<\/h4><ul><li>https:\/\/adalethazar com\/index php\/ornek-sayfa\/<\/li><\/ul>","protected":false},"excerpt":{"rendered":"<p>Ad\u0131 Soyad\u0131: Adalet HAZAR Do\u011fum Tarihi: 29 05 1960 \u00d6\u011frenim Durumu: Derece B\u00f6l\u00fcm\/Program \u00dcniversite Y\u0131l Lisans \u00a0Bankac\u0131l\u0131k Ankara \u0130ktisadi ve Ticari \u0130limler Akad. 1981 Y. Lisans \u00a0\u0130\u015fletme Gazi \u00dcniversitesi 1996 Doktora \u00a0Muhasebe Finansman Gazi \u00dcniversitesi 2009 Y\u00fcksek Lisans Tez Ba\u015fl\u0131\u011f\u0131 (\u00f6zeti ekte) ve Tez Dan\u0131\u015fman(lar)\u0131\u00a0 : Bankalarda Kaynak Maliyet Hesaplama Y\u00f6ntemleri Tez Dan\u0131\u015fman\u0131: Prof. Dr. [&hellip;]<\/p>\n","protected":false},"author":1,"featured_media":0,"parent":0,"menu_order":5,"comment_status":"closed","ping_status":"closed","template":"","meta":[],"_links":{"self":[{"href":"https:\/\/adalethazar.com\/index.php\/wp-json\/wp\/v2\/pages\/2"}],"collection":[{"href":"https:\/\/adalethazar.com\/index.php\/wp-json\/wp\/v2\/pages"}],"about":[{"href":"https:\/\/adalethazar.com\/index.php\/wp-json\/wp\/v2\/types\/page"}],"author":[{"embeddable":true,"href":"https:\/\/adalethazar.com\/index.php\/wp-json\/wp\/v2\/users\/1"}],"replies":[{"embeddable":true,"href":"https:\/\/adalethazar.com\/index.php\/wp-json\/wp\/v2\/comments?post=2"}],"version-history":[{"count":7,"href":"https:\/\/adalethazar.com\/index.php\/wp-json\/wp\/v2\/pages\/2\/revisions"}],"predecessor-version":[{"id":313,"href":"https:\/\/adalethazar.com\/index.php\/wp-json\/wp\/v2\/pages\/2\/revisions\/313"}],"wp:attachment":[{"href":"https:\/\/adalethazar.com\/index.php\/wp-json\/wp\/v2\/media?parent=2"}],"curies":[{"name":"wp","href":"https:\/\/api.w.org\/{rel}","templated":true}]}}