{"id":183,"date":"2014-08-14T17:51:32","date_gmt":"2014-08-14T14:51:32","guid":{"rendered":"https:\/\/adalethazar.com\/?page_id=183"},"modified":"2014-10-26T12:14:12","modified_gmt":"2014-10-26T10:14:12","slug":"spk-tum-konular-kitaplari","status":"publish","type":"page","link":"https:\/\/adalethazar.com\/index.php\/kitaplar\/sinav-kitaplari\/spk-tum-konular-kitaplari\/","title":{"rendered":"SPK T\u00fcm Konular Kitaplar\u0131"},"content":{"rendered":"<p><a href=\"https:\/\/adalethazar.com\/wp-content\/uploads\/2014\/08\/Kredi-Derecelendirme-T\u00fcm-Konular.jpg\"><img loading=\"lazy\" class=\"alignleft size-medium wp-image-184\" src=\"https:\/\/adalethazar.com\/wp-content\/uploads\/2014\/08\/Kredi-Derecelendirme-T\u00fcm-Konular-200x300.jpg\" alt=\"image description\" width=\"200\" height=\"300\" srcset=\"https:\/\/adalethazar.com\/wp-content\/uploads\/2014\/08\/Kredi-Derecelendirme-T\u00fcm-Konular-200x300.jpg 200w, https:\/\/adalethazar.com\/wp-content\/uploads\/2014\/08\/Kredi-Derecelendirme-T\u00fcm-Konular.jpg 462w\" sizes=\"(max-width: 200px) 100vw, 200px\" \/><\/a> <a href=\"https:\/\/adalethazar.com\/wp-content\/uploads\/2014\/08\/Kurumsal-Y\u00f6netim-T\u00fcm-Konular.jpg\"><img loading=\"lazy\" class=\"alignleft size-medium wp-image-185\" src=\"https:\/\/adalethazar.com\/wp-content\/uploads\/2014\/08\/Kurumsal-Y\u00f6netim-T\u00fcm-Konular-200x300.jpg\" alt=\"Kurumsal Y\u00f6netim T\u00fcm Konular\" width=\"200\" height=\"300\" srcset=\"https:\/\/adalethazar.com\/wp-content\/uploads\/2014\/08\/Kurumsal-Y\u00f6netim-T\u00fcm-Konular-200x300.jpg 200w, https:\/\/adalethazar.com\/wp-content\/uploads\/2014\/08\/Kurumsal-Y\u00f6netim-T\u00fcm-Konular.jpg 462w\" sizes=\"(max-width: 200px) 100vw, 200px\" \/><\/a> <a href=\"https:\/\/adalethazar.com\/wp-content\/uploads\/2014\/08\/Temel-D\u00fczey-T\u00fcm-Konular.jpg\"><img loading=\"lazy\" class=\"alignleft size-medium wp-image-186\" src=\"https:\/\/adalethazar.com\/wp-content\/uploads\/2014\/08\/Temel-D\u00fczey-T\u00fcm-Konular-198x300.jpg\" alt=\"Temel D\u00fczey T\u00fcm Konular\" width=\"198\" height=\"300\" srcset=\"https:\/\/adalethazar.com\/wp-content\/uploads\/2014\/08\/Temel-D\u00fczey-T\u00fcm-Konular-198x300.jpg 198w, https:\/\/adalethazar.com\/wp-content\/uploads\/2014\/08\/Temel-D\u00fczey-T\u00fcm-Konular.jpg 462w\" sizes=\"(max-width: 198px) 100vw, 198px\" \/><\/a> <a href=\"https:\/\/adalethazar.com\/wp-content\/uploads\/2014\/08\/G.Menkul-Tum.jpg\"><img loading=\"lazy\" class=\"alignleft size-medium wp-image-187\" src=\"https:\/\/adalethazar.com\/wp-content\/uploads\/2014\/08\/G.Menkul-Tum-182x300.jpg\" alt=\"G.Menkul Tum\" width=\"182\" height=\"300\" \/><\/a> <a href=\"https:\/\/adalethazar.com\/wp-content\/uploads\/2014\/08\/\u0130leri-D\u00fczey-T\u00fcm-Konular.jpg\"><img loading=\"lazy\" class=\"alignleft size-medium wp-image-188\" src=\"https:\/\/adalethazar.com\/wp-content\/uploads\/2014\/08\/\u0130leri-D\u00fczey-T\u00fcm-Konular-200x300.jpg\" alt=\"image description\" width=\"200\" height=\"300\" srcset=\"https:\/\/adalethazar.com\/wp-content\/uploads\/2014\/08\/\u0130leri-D\u00fczey-T\u00fcm-Konular-200x300.jpg 200w, https:\/\/adalethazar.com\/wp-content\/uploads\/2014\/08\/\u0130leri-D\u00fczey-T\u00fcm-Konular.jpg 462w\" sizes=\"(max-width: 200px) 100vw, 200px\" \/><\/a><\/p>\n","protected":false},"excerpt":{"rendered":"","protected":false},"author":1,"featured_media":0,"parent":52,"menu_order":0,"comment_status":"closed","ping_status":"closed","template":"","meta":[],"_links":{"self":[{"href":"https:\/\/adalethazar.com\/index.php\/wp-json\/wp\/v2\/pages\/183"}],"collection":[{"href":"https:\/\/adalethazar.com\/index.php\/wp-json\/wp\/v2\/pages"}],"about":[{"href":"https:\/\/adalethazar.com\/index.php\/wp-json\/wp\/v2\/types\/page"}],"author":[{"embeddable":true,"href":"https:\/\/adalethazar.com\/index.php\/wp-json\/wp\/v2\/users\/1"}],"replies":[{"embeddable":true,"href":"https:\/\/adalethazar.com\/index.php\/wp-json\/wp\/v2\/comments?post=183"}],"version-history":[{"count":1,"href":"https:\/\/adalethazar.com\/index.php\/wp-json\/wp\/v2\/pages\/183\/revisions"}],"predecessor-version":[{"id":190,"href":"https:\/\/adalethazar.com\/index.php\/wp-json\/wp\/v2\/pages\/183\/revisions\/190"}],"up":[{"embeddable":true,"href":"https:\/\/adalethazar.com\/index.php\/wp-json\/wp\/v2\/pages\/52"}],"wp:attachment":[{"href":"https:\/\/adalethazar.com\/index.php\/wp-json\/wp\/v2\/media?parent=183"}],"curies":[{"name":"wp","href":"https:\/\/api.w.org\/{rel}","templated":true}]}}